etermine h(13).
-18
Let q(m) = 7*m**3 + 4*m**2 - 9*m + 5. Let s = 208 - 202. Let b(u) = 13*u**3 + 7*u**2 - 17*u + 9. Let v(z) = s*b(z) - 11*q(z). Calculate v(-2).
-11
Suppose -4*w - 35 = -5*z - 0*w, -5*z + 5*w + 35 = 0. Let g(m) = z*m - 12 - 3*m - m**2 + 2*m + 3*m. Let h = 1204 - 1196. Determine g(h).
-4
Let k = 513 - 509. Let o(i) = i**2 - 7*i + 19. What is o(k)?
7
Let t(n) = 6*n**2 + 4 + 2*n**3 - 3*n**3 - 5. Let i(u) = -u**2 - 2*u + 83. Let o be i(8). Suppose 16*b = -o*b + 114. Give t(b).
-1
Let s be (-24)/(-48)*5/(15/(-6)). Let g be 260/390 + s/(3/20). Let i(o) = -o**2 - 7*o - 12. What is i(g)?
-6
Let g(s) be the third derivative of s**7/2520 - s**6/90 + s**5/15 + s**4/3 + s**2 - 9. Let w(o) be the second derivative of g(o). What is w(6)?
-4
Suppose -v + 4 = -z, -2*v + v + 3*z = -8. Let i = -78 - -81. Let q(b) = 3*b**2 - 1 + 0*b**2 + i*b**2 - 3*b**2. Give q(v).
11
Suppose -3*y = 2*y. Suppose 0 = 5*b - 20 - y. Let m(z) = -3 + 5 + 5 - 9 + z. Give m(b).
2
Let s(i) = 47*i - 1085. Let z be s(23). Let j(f) = f**3 + 5*f**2 + 7*f + 5. What is j(z)?
-7
Let p(y) = -4*y - 2. Let g(w) = -w**3 + 6*w**2 + 22*w - 24. Let n be g(8). Let q be (-3)/n*-2*20. Calculate p(q).
-22
Let h(l) be the first derivative of -3*l**2/2 - 7*l + 75. Let v(s) = -2*s - 4. Suppose 2*k = -0*k - 6. Let o(g) = k*h(g) + 5*v(g). Calculate o(-3).
4
Let p(i) = 5*i. Let g be (57/(-9) + 8)*3. Suppose -2*v + 26 = -4*d, -4*v = -g*d + 17 - 57. Give p(v).
25
Suppose -3*b = -5*u + 34, -40*u - 6 = 5*b - 42*u. Let c(r) = -3*r**3 - r**2 + 4*r + 1. Let t(i) = 2*i**3 - 2*i - 1. Let d(l) = -3*c(l) - 5*t(l). Calculate d(b).
2
Let h(c) = -c**3 - 7*c**2 + 26. Let p be (507/(-169))/((15/(-6))/(-5)). Give h(p).
-10
Let i(t) = t**3 - 50*t**2 + 507*t - 110. Let h be i(36). Let b(k) = 4*k**2 + 22*k + 24. Calculate b(h).
-4
Let f(q) be the second derivative of -q**5/20 - q**4/6 - q**3/3 - q**2/2 - 12*q + 28. Determine f(-1).
0
Suppose 9*j + 104 = 437. Let l(c) = -34 - j - 10*c + 63 - c**2. Determine l(-8).
8
Let m = -53 - -56. Let n(v) be the first derivative of v**3/3 - v**2 - 2*v - 75. Calculate n(m).
1
Let s(t) = -3 - t**3 - 3*t + 2 + 3. Let a(m) = 6*m + 146. Let y(v) = 13*v + 294. Let k(b) = -14*a(b) + 6*y(b). Let o be k(-47). What is s(o)?
-12
Let n be 14/1*(-430)/172. Let s = -32 - n. Let c(y) = y**2 + y - 2. What is c(s)?
10
Let o(y) = 18*y**2 + 8439*y - 13 - 6*y**3 + 5*y**3 - 8470*y - 10. Give o(16).
-7
Let m(g) = 23*g**2 + 42*g + 41. Let h(l) = 4*l**2 + 7*l + 7. Let s(w) = -34*h(w) + 6*m(w). Suppose 10 = -d - 4*q, 9*q + 20 = -3*d + 7*q. Determine s(d).
-4
Let r(l) = 2*l**2 + 2 - 374*l + 0 + 750*l - 3 - 374*l. What is r(3)?
23
Let i(o) = -o**3 - o**2 - o. Let g(v) = v**3 - 5*v**2 + 15*v + 11. Let k(j) = g(j) + 2*i(j). Let y = -9364 - -9356. Determine k(y).
-29
Let l = 1154 - 1153. Let m(i) be the first derivative of -i**5/30 - i**3/6 + 5*i**2 + 3. Let z(y) be the second derivative of m(y). Give z(l).
-3
Let t(r) = 23 - 1230*r + 410*r + 411*r + 410*r. Determine t(-13).
10
Let l be ((-38)/11 - 1) + (-31)/((-3410)/(-60)). Let a(r) = 2*r**2 + 9*r - 3. What is a(l)?
2
Let j(z) = z**3 + 20*z**2 - 1. Suppose 0 = -m - 5*y + 20, -6*y + 11*y - 40 = 0. What is j(m)?
-1
Let w(q) = -q. Let r(t) = 1. Let c = -1 + 2. Let l(d) = c*r(d) - 3*w(d). Let u(n) = 89*n + 180. Let g be u(-2). What is l(g)?
7
Let r(c) = -c - 3. Suppose -4*f - 155 = -9*f. Suppose 4*p + 6*l = 3*l + 27, 5*p - f = -l. Let a be 1*p/(1 - 2). Give r(a).
3
Let n(g) be the second derivative of -5*g**3/6 - 12*g**2 + 217*g. Determine n(-6).
6
Let w be 0/(10/15*-3). Let n(k) = -64 - 4*k**2 + 70 + 3*k**2 + 3*k + w*k. Let r = -6 - -11. What is n(r)?
-4
Let f(c) = -c**2 + 7*c + 6. Let h = 424 - 432. Let m be 9*4/h*-2. What is f(m)?
-12
Let p(b) = b**2 - 5*b + 8. Let m = -10224 + 10227. What is p(m)?
2
Let y(k) = -3*k + 3. Let i be 0 + 82 - (11 - 26 - -10). Suppose 21*c + i = -18. What is y(c)?
18
Let y = 43 + -32. Let l(w) = w**3 - 9*w**2 - 11*w + 2. Let p be l(y). Let t = p + -117. Let c(b) = -2*b**2 + 10*b - 6. What is c(t)?
-18
Let s(n) be the first derivative of n**4/4 - 16*n**3/3 + n**2 - 22*n + 378. Calculate s(16).
10
Let o(j) = j**2 - 5*j. Let d(m) = -m**2 + 4*m. Let n be 2/8 - 138/(-24). Let s(q) = n*d(q) + 7*o(q). Give s(11).
0
Let t(v) be the third derivative of -v**6/40 + v**5/10 + v**4/6 + v**3/6 - 993*v**2. What is t(3)?
-14
Let z(j) = -j - 13. Let r(b) = 4*b**2 + 24*b + 15. Let u be r(-3). Let t be u/2*8/6. Give z(t).
1
Let g(n) be the second derivative of -n**4/12 - 8*n**3/3 + 21*n**2 - 488*n - 2. Give g(-18).
6
Let g(o) be the third derivative of 3/8*o**4 + 1/60*o**5 + 0*o - 218*o**2 + 7/6*o**3 + 0. Give g(-8).
-1
Let p = -2592 + 2604. Let w(r) = -r**2 + 14*r - 29. Give w(p).
-5
Let a(t) be the first derivative of -t**3/3 + 21*t**2/2 + 6*t + 781. What is a(18)?
60
Let z(m) = -7*m**3 + 4*m**2 + 15*m + 22. Let v(u) = u**3 - u**2 - 3*u + 2. Let t(b) = -5*v(b) - z(b). Determine t(0).
-32
Let z be (-280)/(-45) + 4/(-18). Suppose -z*a + 2 + 4 = 0. Let l(n) = -n**3 - 13*n**2 + 4*n + 0*n**3 + a + 14*n**2 - 3*n. Determine l(-1).
2
Let h(r) = -813*r + 3519. Let y(z) = 36*z - 160. Let o(l) = -2*h(l) - 45*y(l). Calculate o(-28).
-6
Suppose -8*k = -6*k. Let r(p) = 12*p + 1. Let s(l) = -25*l - 17. Let j(a) = 2*r(a) + s(a). Determine j(k).
-15
Suppose 7435 + 10156 = 7*t. Let n(i) = -i - 2516 - t + 5017. Determine n(0).
-12
Let l(q) = q - 19*q + q**2 - 5 - q**3 + 4*q**2 + 4*q**2. Determine l(6).
-5
Let z(b) be the second derivative of b**4/6 - 13*b**3/6 + b**2 + b - 418. Give z(9).
47
Let l(b) = b**3 - 6*b**2 + 1. Let f(v) = -52*v + 1098. Let p be f(21). Give l(p).
1
Let d(h) = 4*h - 84. Suppose -3*k - 2*i - 2*i = -47, -3*k + 43 = 5*i. What is d(k)?
0
Let n(f) = -5*f**2 - 18*f + 3. Let h(y) = -y**2 - y + 22 + 1 - 13 - 9. Let u(x) = 4*h(x) - n(x). Give u(-14).
1
Let s(q) = 6*q + 296. Suppose 111*a - 280 = 141*a + 1160. Calculate s(a).
8
Let m(g) = g**3 - 5*g**2 + 2*g + 7. Let z be m(3). Let c(i) = -3*i - 12. What is c(z)?
3
Let d(f) be the third derivative of f**6/120 + 11*f**5/20 - 23*f**4/8 + 41*f**3/6 + 1025*f**2. What is d(-35)?
6
Suppose 0*o = -4*o - 2*q + 110, -3*q - 9 = 0. Suppose -3*i + o = 8. Suppose 49 = 7*v + i. Let h(c) = c - 1. Give h(v).
5
Let m(j) = j**3 - 24*j**2 + 21*j + 44. Let l(p) = -2*p**3 - 76*p**2 + 78*p + 23. Let i be l(-39). Give m(i).
-2
Let t = -3898 + 3893. Let y(o) = -o**3 - 7*o**2 - 8*o - 5. Determine y(t).
-15
Let c(k) = -5*k + 3 + 2*k - 9 - 18. What is c(9)?
-51
Let u be (7 + 3 + -2)/(0 + 2). Let s(x) = -6*x**2 + 5*x**2 + 2*x**2 - u + 4*x. What is s(-8)?
28
Let g(s) = 7*s**2 + s. Let t be g(1). Let w = 13 + -11. Let r(o) = 7*o**w + 3 - 2*o**3 + 7*o - 2*o**3 + 3*o**3 + 2. Calculate r(t).
-3
Let j(h) = -h**3 - 16*h**2 + 18*h - 6. Let d be (60/180 + (0 - (-52)/(-3)))/1. What is j(d)?
-23
Let g(z) = 7 + 7 - 2*z + 15 + 2 - 2. Let d = -71 - -89. Give g(d).
-7
Let v(j) = 5*j**2 - 654*j - 119. Let t be v(131). Let b(k) = -6*k - 23. Calculate b(t).
-95
Let p(b) = -3*b**2 + 2*b**2 - 4*b - 44 + 53 - 4*b. What is p(-7)?
16
Let b(s) = -20*s - 178. Let o be b(-20). Let u(t) = -110 + o + t - 109. Calculate u(-3).
0
Let t(k) = -k**3 - k**2 - k - 1. Let x(d) = 4*d**3 - d**2 - 2*d + 9. Let r(q) = 3*t(q) + x(q). Let o be (-8)/36 - 8515/(-45). Let h = o - 184. Determine r(h).
6
Suppose -6*l - 71 = -5*v - 9*l, -48 = -4*v + 2*l. Let n(y) = 8 + y - v + 35*y**2 - 26*y**2 + y**3. Calculate n(-9).
-14
Let y(d) = -373*d - 4854. Let c be y(-13). Let g(x) = 13*x**2 + 63*x - 3. What is g(c)?
7
Let c(z) be the second derivative of -z**5/20 + z**4/4 + z**3/6 + 9*z**2/2 + 57*z. Let w be c(4). Let y(l) = 2*l + 1. Give y(w).
-5
Let a(t) = -t - 3*t - 18 + 17*t - 1 - 91. What is a(9)?
7
Let v(f) = f**3 + 5*f**2 + f - 6. Let n = 193 + -190. Suppose -4*a - 29 = -n*i, 2*i = -2*a - 3 - 1. Calculate v(a).
-11
Suppose -5*m = -5*y + 35400, 5185 = y - 3*m - 1903. Let x(b) = -6*b + b**3 + 7070 + 4*b**2 + b**2 - y. Give x(-5).
24
Let b(w) = -4*w + 6*w - 6 + 0*w. Let i = 142501 + -142498. Calculate b(i).
0
Let c = -86 + 93. Let x(a) = 22*a**2 - 21*a**2 - 7*a**3 - a + c + 8*a**3. Calculate x(0).
7
Let z = -8 + 11. Let l(r) be the second derivative of -5*r**3/6 - 3*r**2 + r - 19. Let v(c) = -11*c - 13. Let u(p) = 13*l(p) - 6*v(p). What is u(z)?
3
Let d(u) = -920*u**2